 -y + 66 = -18. What is the remainder when y is divided by 29?
26
Suppose f - 12 = -0*f. Let w(l) = l**2 - 4 + 2*l**2 + 3*l - l**2. What is the remainder when w(3) is divided by f?
11
Let h = 1 + 1. Suppose 0 = q, -q - h*q + 140 = 4*a. Suppose -4*x + 24 + 12 = 0. Calculate the remainder when a is divided by x.
8
Let m be 13/91 - (-72)/(-14). Let t(c) = -c + 12. Suppose 0*a + 132 = 4*a. What is the remainder when a is divided by t(m)?
16
Let f(q) = -q + 2. Let t be f(-2). Suppose -4*g + 22 + 2 = 4*o, -g - t = 0. What is the remainder when 28 is divided by o?
8
Suppose -13 = -3*a - 2*x, -2*a + 4 = -5*x + 8. Suppose -a*g + 6*g = -33. Let o = 2 - g. What is the remainder when 25 is divided by o?
12
Suppose o - 2 = -x, -5*o - 4*x = -3*o + 6. What is the remainder when 12 is divided by o?
5
Let y(i) = -i**3 - 2*i**2 + 7*i + 7. What is the remainder when y(-5) is divided by ((-16)/24)/(3/(-54))?
11
Let v(l) = -30*l - 93. What is the remainder when v(-10) is divided by 26?
25
Let a be 4*((-54)/(-8))/(-3). Let l = a - -17. Suppose 7*j + 558 = 25*j. What is the remainder when j is divided by l?
7
Suppose 11 = 3*a - 2*a. Let n = a + -8. Suppose -n*y + 9 + 42 = 0. What is the remainder when y is divided by 6?
5
Let j(t) = 2*t**2 + 5*t + 4. Calculate the remainder when j(-5) is divided by ((-1)/2)/(3/(-90)).
14
Suppose 2*x + 16 = -2*x + 4*m, 2*x - 4*m - 2 = 0. Let g be 8/6 - (-3)/x. Let k(v) = 8*v**2 + 1. Calculate the remainder when 33 is divided by k(g).
6
Suppose -11 = 4*k + 9. Let t = k - -19. Calculate the remainder when t is divided by 4.
2
Calculate the remainder when 0 - 4/((-12)/87) is divided by (0 + -6)/(4/(-10)).
14
Let n be (-3)/4 - (-249)/12. Let z = n + -14. What is the remainder when 10 is divided by z?
4
What is the remainder when 2 + (4/8)/((-1)/(-94)) is divided by 13?
10
Let g be 26/8 + 2/(-8). Let r be 112/(-6)*g/(-2). Let b = 42 - r. What is the remainder when 27 is divided by b?
13
Let g = -20 + 39. Calculate the remainder when 35 is divided by g.
16
Suppose -2*i + 3 = -1. Calculate the remainder when 29 is divided by ((-1)/i)/(1/(-16)).
5
Let l = 73 - 66. Calculate the remainder when 39 is divided by l.
4
Let y = 62 + -21. Suppose -3*h = -y + 8. What is the remainder when h is divided by 7?
4
Suppose 4*y = 204 + 224. What is the remainder when y is divided by 27?
26
Let f(b) be the third derivative of 39*b**5/20 + b**4/12 - b**3/6 + 4*b**2. Calculate the remainder when f(1) is divided by 30.
28
Let c(d) = 3*d + 12. Let r(u) = -2*u + 9. Let b be r(0). What is the remainder when c(b) is divided by 21?
18
Let z = 84 - 71. Calculate the remainder when z is divided by 4.
1
What is the remainder when 37 is divided by 58/6 + 2/6?
7
Let z(a) = -a**3 + 6*a**2 - 3*a - 6. Let t be (1 + 1)/(-1 - -2). Suppose -3 = -t*i + 1. What is the remainder when z(5) is divided by i?
0
Let g(h) = h**2 - 6. Let j be g(6). Suppose -j - 24 = 3*b. What is the remainder when 17 is divided by (-6)/b + (-34)/(-6)?
5
Let s(u) = 28*u**2 - 6*u + 4. What is the remainder when 51 is divided by s(1)?
25
Suppose -z + 12 = 2*z. Let g be 3/(-2) - 245/14. Let v = -13 - g. Calculate the remainder when v is divided by z.
2
Let n = 81 + -33. What is the remainder when n is divided by 10?
8
Let g = 97 - 51. What is the remainder when 180 is divided by g?
42
Let z be 6 - 4*(-3)/(-4). Suppose -2*b - 3*v + 33 = -30, -z*b + 88 = -2*v. Calculate the remainder when 118 is divided by b.
28
Suppose 0 = 3*d - 4*d + 16. Suppose -2*h - 92 = -4*h. Calculate the remainder when h is divided by d.
14
Let m(y) = 2*y**2 + 4*y + 1. Let z be -1 + 0 - (-2 - -5). Calculate the remainder when 11 + z*(-3)/6 is divided by m(-3).
6
Suppose -5*l - 1 + 41 = 0. Let k = l - -1. Let q = -6 + k. What is the remainder when 7 is divided by q?
1
Suppose -12 = -3*u + 18. What is the remainder when 166/6 + (-2)/(-6) is divided by u?
8
Let l = -2 + 6. Calculate the remainder when 5 is divided by l.
1
Let m(i) = i**2 - 3*i + 4. Let q be ((-9)/6)/(1/(-2)). Suppose -2*y + q = -13. Calculate the remainder when m(5) is divided by y.
6
Suppose 4*v - 48 = v. Calculate the remainder when 28 is divided by v.
12
Let k(a) = -a**2 + 2*a + 2. Let w be (-6)/(-9) - 7/(-3). Let t be k(w). Calculate the remainder when 19 is divided by (14/8)/(t/(-4)).
5
Suppose 3*c - 3*h - 166 = h, 20 = -5*h. Let f = c + -28. Let o(q) = -13*q - 1. What is the remainder when o(-5) is divided by f?
20
Let b be -1 - (0 + (-1)/1). Let i(h) = 4*h - 22. Let j be i(5). Calculate the remainder when 17 is divided by 9*(j + 3 + b).
8
Let b(v) = -v**2 - 6*v - 6. Let m be b(-6). Calculate the remainder when 4/m + 498/18 is divided by 10.
7
Let l = -69 + -115. What is the remainder when (-1)/(2/l*2) is divided by 16?
14
Suppose 4*s + 10 + 5 = 3*u, -5*s = -4*u + 21. Let l = u - 8. Let n = l - -44. Calculate the remainder when n is divided by 23.
22
Let u = -47 - 176. What is the remainder when u/(-9) + 2/9 is divided by 13?
12
Suppose 3 = -r + 2*r. Let a = 14 - r. What is the remainder when (-51)/(-6)*4 - 2 is divided by a?
10
Suppose 0 = v + 4, 5*o - 136 = o - 2*v. Let c = -17 + o. What is the remainder when c is divided by 5?
4
Let a = 13 - -11. Suppose s - 2*n + 7*n = 27, 2*s - a = 5*n. Let k(g) = -g**3 + 8*g**2 - 6*g - 3. Calculate the remainder when k(6) is divided by s.
16
Let m(v) = -v - 3. Let w be m(-6). Let z be (32/5)/((-24)/(-60)). Suppose -w*q = -11 - z. What is the remainder when 25 is divided by q?
7
Suppose 4*i - 5*p - 17 = 2*i, -5*i - 40 = 4*p. Let s be (-130)/((-2)/i*-1). Suppose -2*v - s = -6*v. What is the remainder when v is divided by 22?
21
Let t(n) = n**3 + 10*n**2 + 11*n + 8. Calculate the remainder when t(-7) is divided by 20.
18
Let i = 3 - -8. Suppose 17 + 14 = d. Let t = 0 + d. What is the remainder when t is divided by i?
9
Let u = 19 + -12. Let v(b) = 8*b + 6. Let t be v(-4). What is the remainder when (-10)/5*t/4 is divided by u?
6
Suppose 4*y = 3 + 13. Let i be (y/3)/((-2)/(-57)). Suppose g = 3*g - i. What is the remainder when g is divided by 10?
9
Let o(t) = -2*t**3 - 10*t**2 + 7*t - 11. What is the remainder when 52 is divided by o(-6)?
14
Let z(h) = -h**3 - 9*h**2 + 9*h - 3. Calculate the remainder when 47 is divided by z(-10).
5
Suppose 3*y = 4*g + 8, -2*y - 3*g - 2 = -2*g. Suppose y = -0*q - q + 1. Calculate the remainder when q/(12/9 + -1) is divided by 1.
0
Let a = 44 - -45. What is the remainder when a is divided by 23?
20
Suppose -c = -4*c + 6. Suppose -4*i = -9*i + 15. What is the remainder when i is divided by c?
1
Let z(r) = r + 33. What is the remainder when z(-7) is divided by 15?
11
Let p(d) = d**2 + 4*d - 6. Let r be p(-6). Suppose 0 = -r*f + 139 - 31. Calculate the remainder when 65 is divided by f.
11
Suppose 0 = -4*w + 3*g + 2 - 0, -2*w + 2*g = 0. Let f(v) = -v**2 + 9*v - 8. Calculate the remainder when w/(-4) + (-234)/(-12) is divided by f(6).
9
Let s be (27/6)/((-6)/(-1520)). Calculate the remainder when s/25 - 2/(-5) is divided by 16.
14
Suppose 0 = -0*a + 2*a - 2. Suppose 10 = -3*v - 5. Let p = a - v. Calculate the remainder when p is divided by 4.
2
Suppose 64 + 125 = 3*t. Calculate the remainder when -2 + t/3 + -1 is divided by 5.
3
Suppose -4*m + 30 = -m. Let x = m + 1. Suppose 0 = 5*b - 0*b - 30. Calculate the remainder when x is divided by b.
5
Suppose -49 = -5*s - 4*p, 4*p + 14 = 3*s - 9. Let t(j) = 11*j**2 + j - 1. What is the remainder when 291/s + 2/(-6) is divided by t(1)?
10
Let m be (15 + -5)*3/(-3). Let x = 22 + m. Suppose 0*l - 23 = -l. What is the remainder when l is divided by x?
11
Let b(x) = -x**3 - 8*x**2 - 10*x - 6. Let r be b(-6). Let a = r + 46. What is the remainder when a is divided by 15?
13
Suppose l - 11 = -2*f, -2*f = -5*f + 5*l - 3. Calculate the remainder when 4 is divided by f.
0
Let s = -135 + 199. Calculate the remainder when s is divided by 11.
9
Suppose -3*o = -2*v + 12, 2*v - 4 + 2 = -2*o. Let m be (63 - o)/(3 + -2). Let q = -16 + m. Calculate the remainder when q is divided by 25.
24
What is the remainder when 217 is divided by ((-14)/(-21) + 2)/((-2)/(-33))?
41
Let d(z) = z**2 + 3*z. What is the remainder when 10 is divided by d(-4)?
2
Suppose 19 = -z + 6*j - j, j = 3*z - 13. Calculate the remainder when 21 is divided by z.
3
Suppose 0 = -6*s + 3*s + 132. Let r =